{"id":245,"date":"2009-09-07T14:56:08","date_gmt":"2009-09-07T12:56:08","guid":{"rendered":"http:\/\/www.tuxedo-bigband.de\/?page_id=245"},"modified":"2015-11-30T10:07:02","modified_gmt":"2015-11-30T09:07:02","slug":"presse","status":"publish","type":"page","link":"https:\/\/www.tuxedo-bigband.de\/?page_id=245","title":{"rendered":"Presse"},"content":{"rendered":"<p><strong>03.11.2015: &#8218;Rheinpfalz Zeitung&#8216; zum Konzert Landesgartenschau Kaiserslauter<\/strong><strong>n<\/strong><\/p>\n<p><a href=\"https:\/\/www.tuxedo-bigband.de\/wp-content\/uploads\/2015\/11\/Bericht-Gartenschau-RhP.jpg\"><img loading=\"lazy\" decoding=\"async\" class=\"alignleft size-medium wp-image-678\" src=\"https:\/\/www.tuxedo-bigband.de\/wp-content\/uploads\/2015\/11\/Bericht-Gartenschau-RhP-300x196.jpg\" alt=\"Bericht Gartenschau RhP\" width=\"300\" height=\"196\" srcset=\"https:\/\/www.tuxedo-bigband.de\/wp-content\/uploads\/2015\/11\/Bericht-Gartenschau-RhP-300x196.jpg 300w, https:\/\/www.tuxedo-bigband.de\/wp-content\/uploads\/2015\/11\/Bericht-Gartenschau-RhP-1024x668.jpg 1024w, https:\/\/www.tuxedo-bigband.de\/wp-content\/uploads\/2015\/11\/Bericht-Gartenschau-RhP.jpg 1359w\" sizes=\"auto, (max-width: 300px) 100vw, 300px\" \/><\/a><\/p>\n<p><strong>18.08.2014: &#8218;Rheinpfalz Zeitung&#8216; zum <\/strong><strong>Saarlandtag im Rosengarten\u00a0Zweibr\u00fccken<br \/>\n<a href=\"https:\/\/www.tuxedo-bigband.de\/wp-content\/uploads\/2014\/08\/Bericht-Die-Rheinpfalz-18.08.2014.jpg\"><img loading=\"lazy\" decoding=\"async\" class=\"alignleft size-medium wp-image-612\" src=\"https:\/\/www.tuxedo-bigband.de\/wp-content\/uploads\/2014\/08\/Bericht-Die-Rheinpfalz-18.08.2014-300x284.jpg\" alt=\"Bericht 'Die Rheinpfalz' 18.08.2014\" width=\"300\" height=\"284\" srcset=\"https:\/\/www.tuxedo-bigband.de\/wp-content\/uploads\/2014\/08\/Bericht-Die-Rheinpfalz-18.08.2014-300x284.jpg 300w, https:\/\/www.tuxedo-bigband.de\/wp-content\/uploads\/2014\/08\/Bericht-Die-Rheinpfalz-18.08.2014-1024x969.jpg 1024w, https:\/\/www.tuxedo-bigband.de\/wp-content\/uploads\/2014\/08\/Bericht-Die-Rheinpfalz-18.08.2014.jpg 1791w\" sizes=\"auto, (max-width: 300px) 100vw, 300px\" \/><\/a><br \/>\n<\/strong><\/p>\n<p>&nbsp;<\/p>\n<p><strong>03.07.2014: &#8218;Rheinpfalz Zeitung&#8216; zum <strong>Bremerh\u00f6fer Jazzsommer, Kaiserslautern<\/strong><\/strong><\/p>\n<p><strong><strong> <a href=\"https:\/\/www.tuxedo-bigband.de\/wp-content\/uploads\/2014\/07\/Tuxedo-Bericht-Bremerhof-2014.jpg\"><img loading=\"lazy\" decoding=\"async\" class=\"alignleft size-medium wp-image-602\" src=\"https:\/\/www.tuxedo-bigband.de\/wp-content\/uploads\/2014\/07\/Tuxedo-Bericht-Bremerhof-2014-300x233.jpg\" alt=\"Tuxedo Bericht Bremerhof 2014\" width=\"300\" height=\"233\" srcset=\"https:\/\/www.tuxedo-bigband.de\/wp-content\/uploads\/2014\/07\/Tuxedo-Bericht-Bremerhof-2014-300x233.jpg 300w, https:\/\/www.tuxedo-bigband.de\/wp-content\/uploads\/2014\/07\/Tuxedo-Bericht-Bremerhof-2014-1024x796.jpg 1024w, https:\/\/www.tuxedo-bigband.de\/wp-content\/uploads\/2014\/07\/Tuxedo-Bericht-Bremerhof-2014.jpg 1041w\" sizes=\"auto, (max-width: 300px) 100vw, 300px\" \/><\/a><br \/>\n<\/strong><\/strong><\/p>\n<p>&nbsp;<\/p>\n<p><strong>29.06.2013: &#8218;Rheinpfalz Zeitung&#8216; zum\u00a0<strong>Bremerh\u00f6fer Jazzsommer, Kaiserslautern<\/strong><\/strong><\/p>\n<p><strong><strong><a href=\"https:\/\/www.tuxedo-bigband.de\/wp-content\/uploads\/2014\/09\/Kaiserslautern-Bericht-Rheinpfalz-Bremer-Hof-2013.jpg\"><img loading=\"lazy\" decoding=\"async\" class=\"alignleft size-medium wp-image-635\" src=\"https:\/\/www.tuxedo-bigband.de\/wp-content\/uploads\/2014\/09\/Kaiserslautern-Bericht-Rheinpfalz-Bremer-Hof-2013-300x83.jpg\" alt=\"Kaiserslautern, Bericht 'Rheinpfalz' Bremer Hof 2013\" width=\"300\" height=\"83\" srcset=\"https:\/\/www.tuxedo-bigband.de\/wp-content\/uploads\/2014\/09\/Kaiserslautern-Bericht-Rheinpfalz-Bremer-Hof-2013-300x83.jpg 300w, https:\/\/www.tuxedo-bigband.de\/wp-content\/uploads\/2014\/09\/Kaiserslautern-Bericht-Rheinpfalz-Bremer-Hof-2013-1024x285.jpg 1024w\" sizes=\"auto, (max-width: 300px) 100vw, 300px\" \/><\/a><br \/>\n<\/strong><\/strong><\/p>\n<p>&nbsp;<\/p>\n<p><strong>24.11.2012: Bericht &#8218;Saarbr\u00fccker Zeitung&#8216; zum Konzert im BigEppel, Eppelborn<br \/>\n<\/strong><\/p>\n<p><a href=\"https:\/\/www.tuxedo-bigband.de\/wp-content\/uploads\/2012\/12\/SZ-05.12.12-Tuxedo-BB-BigEppel.jpg\"><img loading=\"lazy\" decoding=\"async\" class=\"alignleft size-medium wp-image-545\" title=\"SZ 05.12.12 Tuxedo-BB BigEppel\" src=\"https:\/\/www.tuxedo-bigband.de\/wp-content\/uploads\/2012\/12\/SZ-05.12.12-Tuxedo-BB-BigEppel-300x192.jpg\" alt=\"SZ 05.12.12 Tuxedo-BB BigEppel\" width=\"300\" height=\"192\" srcset=\"https:\/\/www.tuxedo-bigband.de\/wp-content\/uploads\/2012\/12\/SZ-05.12.12-Tuxedo-BB-BigEppel-300x192.jpg 300w, https:\/\/www.tuxedo-bigband.de\/wp-content\/uploads\/2012\/12\/SZ-05.12.12-Tuxedo-BB-BigEppel-1024x657.jpg 1024w, https:\/\/www.tuxedo-bigband.de\/wp-content\/uploads\/2012\/12\/SZ-05.12.12-Tuxedo-BB-BigEppel.jpg 1319w\" sizes=\"auto, (max-width: 300px) 100vw, 300px\" \/><\/a><\/p>\n<p>&nbsp;<\/p>\n<p><strong>28.06.2012: Bremerh\u00f6fer Jazzsommer, Kaiserslautern<\/strong><\/p>\n<p style=\"text-align: center;\"><a href=\"https:\/\/www.tuxedo-bigband.de\/wp-content\/uploads\/2009\/09\/Tuxedo-Bericht-KL-Bremerhof-2012.jpg\"><img loading=\"lazy\" decoding=\"async\" class=\"alignleft\" title=\"Bericht KL Bremerhof 2012\" src=\"https:\/\/www.tuxedo-bigband.de\/wp-content\/uploads\/2009\/09\/Tuxedo-Bericht-KL-Bremerhof-2012.jpg\" alt=\"Bericht KL Bremerhof 2012\" width=\"599\" height=\"538\" \/><\/a><\/p>\n<p>&nbsp;<\/p>\n<p><strong>31.10.2010:\u00a0Landesgartenschau Kaiserslautern<\/strong><\/p>\n<p><a href=\"https:\/\/www.tuxedo-bigband.de\/wp-content\/uploads\/2011\/01\/tuxedo-KL.jpg\"><img loading=\"lazy\" decoding=\"async\" class=\"alignleft\" title=\"Bericht Landesgartenschau Kaiserslautern\" src=\"https:\/\/www.tuxedo-bigband.de\/wp-content\/uploads\/2011\/01\/tuxedo-KL.jpg\" alt=\"Bericht Landesgartenschau Kaiserslautern\" width=\"557\" height=\"367\" \/><\/a><\/p>\n<p>&nbsp;<\/p>\n<p><strong>29.08.2009: Homburg Jazzfr\u00fchschoppen<\/strong><\/p>\n<p style=\"text-align: left;\"><a href=\"https:\/\/www.tuxedo-bigband.de\/wp-content\/uploads\/2009\/09\/Tuxedo-HOM-29.08.09.jpg\" target=\"_blank\"><img loading=\"lazy\" decoding=\"async\" class=\" wp-image-247\" title=\"Tuxedo HOM 29.08.09\" src=\"https:\/\/www.tuxedo-bigband.de\/wp-content\/uploads\/2009\/09\/Tuxedo-HOM-29.08.09-724x1023.jpg\" alt=\"Tuxedo HOM 29.08.09\" width=\"579\" height=\"818\" srcset=\"https:\/\/www.tuxedo-bigband.de\/wp-content\/uploads\/2009\/09\/Tuxedo-HOM-29.08.09-724x1023.jpg 724w, https:\/\/www.tuxedo-bigband.de\/wp-content\/uploads\/2009\/09\/Tuxedo-HOM-29.08.09-212x300.jpg 212w, https:\/\/www.tuxedo-bigband.de\/wp-content\/uploads\/2009\/09\/Tuxedo-HOM-29.08.09.jpg 1241w\" sizes=\"auto, (max-width: 579px) 100vw, 579px\" \/><\/a><\/p>\n<p style=\"text-align: left;\"><strong>29.11.2008: Konzert mit R\u00fcdiger Baldauf in Eppelborn<\/strong><\/p>\n<p><strong><span style=\"font-weight: normal;\"><a href=\"https:\/\/www.tuxedo-bigband.de\/wp-content\/uploads\/2009\/09\/Referenzschreiben-Eppelborn.jpg\" target=\"_blank\"><img loading=\"lazy\" decoding=\"async\" class=\"size-large wp-image-261 alignleft\" style=\"vertical-align: middle;\" title=\"Referenzschreiben Eppelborn\" src=\"https:\/\/www.tuxedo-bigband.de\/wp-content\/uploads\/2009\/09\/Referenzschreiben-Eppelborn-743x1023.jpg\" alt=\"Referenzschreiben Eppelborn\" width=\"594\" height=\"818\" srcset=\"https:\/\/www.tuxedo-bigband.de\/wp-content\/uploads\/2009\/09\/Referenzschreiben-Eppelborn-743x1023.jpg 743w, https:\/\/www.tuxedo-bigband.de\/wp-content\/uploads\/2009\/09\/Referenzschreiben-Eppelborn-217x300.jpg 217w, https:\/\/www.tuxedo-bigband.de\/wp-content\/uploads\/2009\/09\/Referenzschreiben-Eppelborn.jpg 1275w\" sizes=\"auto, (max-width: 594px) 100vw, 594px\" \/><\/a><\/span><\/strong><\/p>\n<p>&nbsp;<\/p>\n<p><strong>5.10.2007 bis 7.10.2007: Konzert-Reise nach St. Nazaire (Frankreich)<\/strong><\/p>\n<p><strong><a href=\"https:\/\/www.tuxedo-bigband.de\/wp-content\/uploads\/2009\/09\/Uebersetzung-St.Nazaire.jpg\" target=\"_blank\"><img loading=\"lazy\" decoding=\"async\" class=\"wp-image-265 alignleft\" style=\"vertical-align: middle;\" title=\"Uebersetzung St.Nazaire\" src=\"https:\/\/www.tuxedo-bigband.de\/wp-content\/uploads\/2009\/09\/Uebersetzung-St.Nazaire-723x1023.jpg\" alt=\"Uebersetzung St.Nazaire\" width=\"578\" height=\"818\" srcset=\"https:\/\/www.tuxedo-bigband.de\/wp-content\/uploads\/2009\/09\/Uebersetzung-St.Nazaire-723x1023.jpg 723w, https:\/\/www.tuxedo-bigband.de\/wp-content\/uploads\/2009\/09\/Uebersetzung-St.Nazaire-211x300.jpg 211w, https:\/\/www.tuxedo-bigband.de\/wp-content\/uploads\/2009\/09\/Uebersetzung-St.Nazaire.jpg 1240w\" sizes=\"auto, (max-width: 578px) 100vw, 578px\" \/><\/a><a href=\"https:\/\/www.tuxedo-bigband.de\/wp-content\/uploads\/2014\/09\/Die-Woch_Saint-Nazaire.jpg\"><img loading=\"lazy\" decoding=\"async\" class=\"alignleft size-medium wp-image-642\" src=\"https:\/\/www.tuxedo-bigband.de\/wp-content\/uploads\/2014\/09\/Die-Woch_Saint-Nazaire-197x300.jpg\" alt=\"Die-Woch_Saint-Nazaire\" width=\"197\" height=\"300\" srcset=\"https:\/\/www.tuxedo-bigband.de\/wp-content\/uploads\/2014\/09\/Die-Woch_Saint-Nazaire-197x300.jpg 197w, https:\/\/www.tuxedo-bigband.de\/wp-content\/uploads\/2014\/09\/Die-Woch_Saint-Nazaire.jpg 595w\" sizes=\"auto, (max-width: 197px) 100vw, 197px\" \/><\/a><\/strong><\/p>\n<p>&nbsp;<\/p>\n<p><strong>06.07.2007: H\u00fcttenjazz in V\u00f6lklingen<\/strong><\/p>\n<p><img loading=\"lazy\" decoding=\"async\" class=\"size-large wp-image-253\" title=\"SZ-Huettenjazz\" src=\"https:\/\/www.tuxedo-bigband.de\/wp-content\/uploads\/2009\/09\/SZ-Huettenjazz-744x1023.jpg\" alt=\"SZ-Huettenjazz\" width=\"595\" height=\"818\" srcset=\"https:\/\/www.tuxedo-bigband.de\/wp-content\/uploads\/2009\/09\/SZ-Huettenjazz-744x1023.jpg 744w, https:\/\/www.tuxedo-bigband.de\/wp-content\/uploads\/2009\/09\/SZ-Huettenjazz-218x300.jpg 218w, https:\/\/www.tuxedo-bigband.de\/wp-content\/uploads\/2009\/09\/SZ-Huettenjazz.jpg 1275w\" sizes=\"auto, (max-width: 595px) 100vw, 595px\" \/><\/p>\n<p><strong>14.05.2006: Konzert mit R\u00fcdiger Baldauf in Lebach<\/strong><br \/>\n<a href=\"https:\/\/www.tuxedo-bigband.de\/wp-content\/uploads\/2009\/09\/Referenzschreiben-Stadt-Lebach.jpg\" target=\"_blank\"><img loading=\"lazy\" decoding=\"async\" class=\"wp-image-264 alignleft\" style=\"vertical-align: middle;\" title=\"Referenzschreiben Stadt Lebach\" src=\"https:\/\/www.tuxedo-bigband.de\/wp-content\/uploads\/2009\/09\/Referenzschreiben-Stadt-Lebach-723x1023.jpg\" alt=\"Referenzschreiben Stadt Lebach\" width=\"578\" height=\"818\" srcset=\"https:\/\/www.tuxedo-bigband.de\/wp-content\/uploads\/2009\/09\/Referenzschreiben-Stadt-Lebach-723x1023.jpg 723w, https:\/\/www.tuxedo-bigband.de\/wp-content\/uploads\/2009\/09\/Referenzschreiben-Stadt-Lebach-211x300.jpg 211w, https:\/\/www.tuxedo-bigband.de\/wp-content\/uploads\/2009\/09\/Referenzschreiben-Stadt-Lebach.jpg 1240w\" sizes=\"auto, (max-width: 578px) 100vw, 578px\" \/><\/a><\/p>\n<p>&nbsp;<\/p>\n<p><strong>03.07.2005: Premiere beim Musikfest in Lebach-Aschbach<br \/>\n<a href=\"https:\/\/www.tuxedo-bigband.de\/wp-content\/uploads\/2014\/09\/Presse-Aschbach-2005.jpg\"><img loading=\"lazy\" decoding=\"async\" class=\"alignleft size-medium wp-image-643\" src=\"https:\/\/www.tuxedo-bigband.de\/wp-content\/uploads\/2014\/09\/Presse-Aschbach-2005-176x300.jpg\" alt=\"Presse Aschbach 2005\" width=\"176\" height=\"300\" srcset=\"https:\/\/www.tuxedo-bigband.de\/wp-content\/uploads\/2014\/09\/Presse-Aschbach-2005-176x300.jpg 176w, https:\/\/www.tuxedo-bigband.de\/wp-content\/uploads\/2014\/09\/Presse-Aschbach-2005.jpg 181w\" sizes=\"auto, (max-width: 176px) 100vw, 176px\" \/><\/a><\/strong><\/p>","protected":false},"excerpt":{"rendered":"<p>03.11.2015: &#8218;Rheinpfalz Zeitung&#8216; zum Konzert Landesgartenschau Kaiserslautern 18.08.2014: &#8218;Rheinpfalz Zeitung&#8216; zum Saarlandtag im Rosengarten\u00a0Zweibr\u00fccken &nbsp; 03.07.2014: &#8218;Rheinpfalz Zeitung&#8216; zum Bremerh\u00f6fer Jazzsommer, Kaiserslautern &nbsp; 29.06.2013: &#8218;Rheinpfalz Zeitung&#8216; zum\u00a0Bremerh\u00f6fer Jazzsommer, Kaiserslautern &nbsp; 24.11.2012: Bericht &#8218;Saarbr\u00fccker Zeitung&#8216; zum Konzert im BigEppel, Eppelborn &nbsp; 28.06.2012: Bremerh\u00f6fer Jazzsommer, Kaiserslautern &nbsp; 31.10.2010:\u00a0Landesgartenschau Kaiserslautern &nbsp; 29.08.2009: Homburg Jazzfr\u00fchschoppen 29.11.2008: Konzert mit R\u00fcdiger [&hellip;]<\/p>","protected":false},"author":2,"featured_media":0,"parent":34,"menu_order":4,"comment_status":"closed","ping_status":"closed","template":"","meta":{"footnotes":""},"class_list":["post-245","page","type-page","status-publish","hentry"],"_links":{"self":[{"href":"https:\/\/www.tuxedo-bigband.de\/index.php?rest_route=\/wp\/v2\/pages\/245","targetHints":{"allow":["GET"]}}],"collection":[{"href":"https:\/\/www.tuxedo-bigband.de\/index.php?rest_route=\/wp\/v2\/pages"}],"about":[{"href":"https:\/\/www.tuxedo-bigband.de\/index.php?rest_route=\/wp\/v2\/types\/page"}],"author":[{"embeddable":true,"href":"https:\/\/www.tuxedo-bigband.de\/index.php?rest_route=\/wp\/v2\/users\/2"}],"replies":[{"embeddable":true,"href":"https:\/\/www.tuxedo-bigband.de\/index.php?rest_route=%2Fwp%2Fv2%2Fcomments&post=245"}],"version-history":[{"count":53,"href":"https:\/\/www.tuxedo-bigband.de\/index.php?rest_route=\/wp\/v2\/pages\/245\/revisions"}],"predecessor-version":[{"id":679,"href":"https:\/\/www.tuxedo-bigband.de\/index.php?rest_route=\/wp\/v2\/pages\/245\/revisions\/679"}],"up":[{"embeddable":true,"href":"https:\/\/www.tuxedo-bigband.de\/index.php?rest_route=\/wp\/v2\/pages\/34"}],"wp:attachment":[{"href":"https:\/\/www.tuxedo-bigband.de\/index.php?rest_route=%2Fwp%2Fv2%2Fmedia&parent=245"}],"curies":[{"name":"wp","href":"https:\/\/api.w.org\/{rel}","templated":true}]}}